{"id":1212,"date":"2018-02-15T13:30:16","date_gmt":"2018-02-15T13:30:16","guid":{"rendered":"http:\/\/studiopenalistiassociati.local\/cookie-policy\/"},"modified":"2018-03-19T12:16:03","modified_gmt":"2018-03-19T12:16:03","slug":"cookie-policy","status":"publish","type":"page","link":"http:\/\/www.studiopenalistiassociati.net\/new\/cookie-policy\/","title":{"rendered":"Informativa in materia di protezione dei dati personali e informativa sui cookies"},"content":{"rendered":"<h6 class=\"p1\"><span class=\"s1\">Informativa in materia di protezione dei dati personali<\/span><\/h6>\n<p class=\"p2\"><span class=\"s2\">Gentile Utente,<\/span><\/p>\n<p class=\"p3\"><span class=\"s2\">questo sito web non raccoglie dati personali.<\/span><\/p>\n<p class=\"p3\"><span class=\"s2\">Nel caso in cui vengano lasciati volontariamente i propri dati, ai sensi dell\u2019art. 13 D.L.vo 196\/03 (di seguito T.U.), lo Studio Penalisti Associati, in qualit\u00e0 di titolare del trattamento dei dati personali, ti informa di quanto segue:<\/span><\/p>\n<p class=\"p3\"><span class=\"s2\">1)\u00a0<\/span><span class=\"s2\">I dati personali volontariamente forniti attraverso strumenti di contatto presenti sul sito web saranno trattati esclusivamente per la finalit\u00e0 connessa al servizio richiesto (richiesta di informazioni, appuntamento, preventivo).<\/span><\/p>\n<p class=\"p4\"><span class=\"s2\">2) Il trattamento dei dati personali potr\u00e0 essere svolto con o senza l\u2019ausilio di strumenti elettronici o comunque automatizzati e nel rispetto delle condizioni di sicurezza e riservatezza.<\/span><\/p>\n<p class=\"p4\"><span class=\"s2\">3) Il trattamento \u00e8 svolto dal titolare o da suoi incaricati.<\/span><\/p>\n<p class=\"p3\"><span class=\"s2\">4)\u00a0<\/span><span class=\"s2\">Il conferimento dei dati personali \u00e8 facoltativo, tuttavia il conferimento dei dati attraverso strumenti di contatto presenti sul sito web \u00e8 indispensabile ai fini dello svolgimento delle attivit\u00e0 di cui al punto 1).<\/span><\/p>\n<p class=\"p3\"><span class=\"s2\">5) I dati personali possono venire a conoscenza degli incaricati del trattamento e possono essere comunicati per le finalit\u00e0 di cui al punto 1) a collaboratori e, in genere, a tutti quei soggetti cui la comunicazione sia necessaria per il corretto adempimento delle finalit\u00e0 indicate nel punto 1).<\/span><\/p>\n<p class=\"p3\"><span class=\"s2\">6) I<\/span><span class=\"s2\">\u00a0dati personali non sono soggetti a diffusione.<\/span><\/p>\n<p class=\"p4\"><span class=\"s2\">7) Ai sensi dell\u2019art. 7 T.U. l\u2019interessato ha diritto ad ottenere la conferma dell\u2019esistenza o meno dei propri dati personali e la loro messa a disposizione in forma intelligibile; l\u2019indicazione dell\u2019origine dei dati, della finalit\u00e0 e della modalit\u00e0 di trattamento, della logica applicata al trattamento, degli estremi identificativi del titolare e dei soggetti cui i dati possono essere comunicati; l\u2019interessato ha diritto inoltre ad ottenere l\u2019aggiornamento, la rettificazione e l\u2019integrazione dei dati, la cancellazione, la trasformazione in forma anonima o il blocco dei dati trattati in violazione della legge; il titolare ha il diritto di opporsi, per motivi legittimi, al trattamento dei dati.\u00a0<\/span><span class=\"s2\">L\u2019interessato ha diritto ad ottenere l\u2019attestazione che le operazioni sopra indicate (origine dei dati e finalit\u00e0 del trattamento) sono portate a conoscenza, anche per quanto riguarda il loro contenuto, di coloro ai quali i dati sono stati comunicati o diffusi, eccettuato il caso in cui tale adempimento si riveli impossibile o comporti un impiego di mezzi manifestamente sproporzionato rispetto al diritto tutelato.<\/span><\/p>\n<p class=\"p3\"><span class=\"s2\">8) Titolare del trattamento \u00e8 l&#8217;associazione professionale Studio Penalisti Associati, con uffici in Milano, Viale Regina Margherita 28.<\/span><\/p>\n<h6 class=\"p3\"><span class=\"s2\">Informativa sui Cookies ai sensi del provvedimento del Garante per la protezione dei dati personali n. 229\/2014.<\/span><\/h6>\n<p class=\"p7\"><span class=\"s2\">I cookie sono stringhe di testo di piccole dimensioni che i siti visitati dall&#8217;utente inviano al suo terminale (solitamente al browser), dove vengono memorizzati per essere poi ritrasmessi agli stessi siti alla successiva visita del medesimo utente. Nel corso della navigazione su un sito, l&#8217;utente pu\u00f2 ricevere sul suo terminale anche cookie che vengono inviati da siti o da web server diversi (c.d. &#8220;terze parti&#8221;), sui quali possono risiedere alcuni elementi (quali, ad esempio, immagini, mappe, suoni, specifici link a pagine di altri domini) presenti sul sito che lo stesso sta visitando.<\/span><\/p>\n<p class=\"p7\"><span class=\"s2\">I Cookies si dividono in cookie tecnici e cookie di profilazione.<\/span><\/p>\n<p class=\"p7\"><span class=\"s2\"><strong>Questo sito non utilizza cookies di profilazione<\/strong>, cio\u00e8\u00a0v\u00f2lti a creare profili relativi all&#8217;utente e che vengono utilizzati al fine di inviare messaggi pubblicitari in linea con le preferenze manifestate dallo stesso nell&#8217;ambito della navigazione in rete.<\/span><\/p>\n<p class=\"p7\"><span class=\"s2\">I cookies utilizzati sono i seguenti:<\/span><\/p>\n<ul>\n<li><span class=\"s3\">Cookies tecnici di sessione, per garantire la normale navigazione e fruizione del sito web.<\/span><\/li>\n<li><span class=\"s3\">Cookies di funzionalit\u00e0, che\u00a0permettono all&#8217;utente la navigazione in funzione di una serie di criteri selezionati (ad esempio, la lingua) al fine di migliorare il servizio reso allo stesso.<\/span><\/li>\n<li><span class=\"s3\">Cookies di terze parti, necessari al funzionamento e condivisione di contenuti esterni ed attivit\u00e0 sociali (social media, google map, you tube), dei quali non siamo responsabili e rinviamo alle apposite informative date delle terze parti.<\/span><\/li>\n<\/ul>\n<p class=\"p7\"><span class=\"s2\">In ogni momento l\u2019utente pu\u00f2 rifiutare di accettare i cookies selezionando sul proprio browser le informazioni che consentono di rifiutarli.<\/span><\/p>\n","protected":false},"excerpt":{"rendered":"<p>Informativa in materia di protezione dei dati personali Gentile Utente, questo sito web non raccoglie dati personali. Nel caso in cui vengano [&hellip;]<\/p>\n","protected":false},"author":1,"featured_media":0,"parent":0,"menu_order":6,"comment_status":"closed","ping_status":"closed","template":"page-templates\/page_fullwidth.php","meta":{"footnotes":""},"class_list":["post-1212","page","type-page","status-publish","hentry"],"yoast_head":"<!-- This site is optimized with the Yoast SEO plugin v27.5 - https:\/\/yoast.com\/product\/yoast-seo-wordpress\/ -->\n<title>Informativa in materia di protezione dei dati personali e informativa sui cookies -<\/title>\n<meta name=\"robots\" content=\"index, follow, max-snippet:-1, max-image-preview:large, max-video-preview:-1\" \/>\n<link rel=\"canonical\" href=\"http:\/\/www.studiopenalistiassociati.net\/new\/cookie-policy\/\" \/>\n<meta property=\"og:locale\" content=\"it_IT\" \/>\n<meta property=\"og:type\" content=\"article\" \/>\n<meta property=\"og:title\" content=\"Informativa in materia di protezione dei dati personali e informativa sui cookies -\" \/>\n<meta property=\"og:description\" content=\"Informativa in materia di protezione dei dati personali Gentile Utente, questo sito web non raccoglie dati personali. Nel caso in cui vengano [&hellip;]\" \/>\n<meta property=\"og:url\" content=\"http:\/\/www.studiopenalistiassociati.net\/new\/cookie-policy\/\" \/>\n<meta property=\"article:modified_time\" content=\"2018-03-19T12:16:03+00:00\" \/>\n<meta name=\"twitter:card\" content=\"summary_large_image\" \/>\n<meta name=\"twitter:label1\" content=\"Tempo di lettura stimato\" \/>\n\t<meta name=\"twitter:data1\" content=\"3 minuti\" \/>\n<script type=\"application\/ld+json\" class=\"yoast-schema-graph\">{\"@context\":\"https:\\\/\\\/schema.org\",\"@graph\":[{\"@type\":\"WebPage\",\"@id\":\"http:\\\/\\\/www.studiopenalistiassociati.net\\\/new\\\/cookie-policy\\\/\",\"url\":\"http:\\\/\\\/www.studiopenalistiassociati.net\\\/new\\\/cookie-policy\\\/\",\"name\":\"Informativa in materia di protezione dei dati personali e informativa sui cookies -\",\"isPartOf\":{\"@id\":\"http:\\\/\\\/www.studiopenalistiassociati.net\\\/new\\\/#website\"},\"datePublished\":\"2018-02-15T13:30:16+00:00\",\"dateModified\":\"2018-03-19T12:16:03+00:00\",\"breadcrumb\":{\"@id\":\"http:\\\/\\\/www.studiopenalistiassociati.net\\\/new\\\/cookie-policy\\\/#breadcrumb\"},\"inLanguage\":\"it-IT\",\"potentialAction\":[{\"@type\":\"ReadAction\",\"target\":[\"http:\\\/\\\/www.studiopenalistiassociati.net\\\/new\\\/cookie-policy\\\/\"]}]},{\"@type\":\"BreadcrumbList\",\"@id\":\"http:\\\/\\\/www.studiopenalistiassociati.net\\\/new\\\/cookie-policy\\\/#breadcrumb\",\"itemListElement\":[{\"@type\":\"ListItem\",\"position\":1,\"name\":\"Home\",\"item\":\"https:\\\/\\\/www.studiopenalistiassociati.net\\\/new\\\/\"},{\"@type\":\"ListItem\",\"position\":2,\"name\":\"Informativa in materia di protezione dei dati personali e informativa sui cookies\"}]},{\"@type\":\"WebSite\",\"@id\":\"http:\\\/\\\/www.studiopenalistiassociati.net\\\/new\\\/#website\",\"url\":\"http:\\\/\\\/www.studiopenalistiassociati.net\\\/new\\\/\",\"name\":\"\",\"description\":\"\",\"publisher\":{\"@id\":\"http:\\\/\\\/www.studiopenalistiassociati.net\\\/new\\\/#organization\"},\"potentialAction\":[{\"@type\":\"SearchAction\",\"target\":{\"@type\":\"EntryPoint\",\"urlTemplate\":\"http:\\\/\\\/www.studiopenalistiassociati.net\\\/new\\\/?s={search_term_string}\"},\"query-input\":{\"@type\":\"PropertyValueSpecification\",\"valueRequired\":true,\"valueName\":\"search_term_string\"}}],\"inLanguage\":\"it-IT\"},{\"@type\":\"Organization\",\"@id\":\"http:\\\/\\\/www.studiopenalistiassociati.net\\\/new\\\/#organization\",\"name\":\"Studio Penalisti Associati\",\"url\":\"http:\\\/\\\/www.studiopenalistiassociati.net\\\/new\\\/\",\"logo\":{\"@type\":\"ImageObject\",\"inLanguage\":\"it-IT\",\"@id\":\"http:\\\/\\\/www.studiopenalistiassociati.net\\\/new\\\/#\\\/schema\\\/logo\\\/image\\\/\",\"url\":\"http:\\\/\\\/studiopenalistiassociati.net\\\/new\\\/wp-content\\\/uploads\\\/2018\\\/03\\\/SPAlogo-favicom.jpg\",\"contentUrl\":\"http:\\\/\\\/studiopenalistiassociati.net\\\/new\\\/wp-content\\\/uploads\\\/2018\\\/03\\\/SPAlogo-favicom.jpg\",\"width\":150,\"height\":213,\"caption\":\"Studio Penalisti Associati\"},\"image\":{\"@id\":\"http:\\\/\\\/www.studiopenalistiassociati.net\\\/new\\\/#\\\/schema\\\/logo\\\/image\\\/\"},\"sameAs\":[\"https:\\\/\\\/it.linkedin.com\\\/company\\\/studio-penalisti-associati\"]}]}<\/script>\n<!-- \/ Yoast SEO plugin. -->","yoast_head_json":{"title":"Informativa in materia di protezione dei dati personali e informativa sui cookies -","robots":{"index":"index","follow":"follow","max-snippet":"max-snippet:-1","max-image-preview":"max-image-preview:large","max-video-preview":"max-video-preview:-1"},"canonical":"http:\/\/www.studiopenalistiassociati.net\/new\/cookie-policy\/","og_locale":"it_IT","og_type":"article","og_title":"Informativa in materia di protezione dei dati personali e informativa sui cookies -","og_description":"Informativa in materia di protezione dei dati personali Gentile Utente, questo sito web non raccoglie dati personali. Nel caso in cui vengano [&hellip;]","og_url":"http:\/\/www.studiopenalistiassociati.net\/new\/cookie-policy\/","article_modified_time":"2018-03-19T12:16:03+00:00","twitter_card":"summary_large_image","twitter_misc":{"Tempo di lettura stimato":"3 minuti"},"schema":{"@context":"https:\/\/schema.org","@graph":[{"@type":"WebPage","@id":"http:\/\/www.studiopenalistiassociati.net\/new\/cookie-policy\/","url":"http:\/\/www.studiopenalistiassociati.net\/new\/cookie-policy\/","name":"Informativa in materia di protezione dei dati personali e informativa sui cookies -","isPartOf":{"@id":"http:\/\/www.studiopenalistiassociati.net\/new\/#website"},"datePublished":"2018-02-15T13:30:16+00:00","dateModified":"2018-03-19T12:16:03+00:00","breadcrumb":{"@id":"http:\/\/www.studiopenalistiassociati.net\/new\/cookie-policy\/#breadcrumb"},"inLanguage":"it-IT","potentialAction":[{"@type":"ReadAction","target":["http:\/\/www.studiopenalistiassociati.net\/new\/cookie-policy\/"]}]},{"@type":"BreadcrumbList","@id":"http:\/\/www.studiopenalistiassociati.net\/new\/cookie-policy\/#breadcrumb","itemListElement":[{"@type":"ListItem","position":1,"name":"Home","item":"https:\/\/www.studiopenalistiassociati.net\/new\/"},{"@type":"ListItem","position":2,"name":"Informativa in materia di protezione dei dati personali e informativa sui cookies"}]},{"@type":"WebSite","@id":"http:\/\/www.studiopenalistiassociati.net\/new\/#website","url":"http:\/\/www.studiopenalistiassociati.net\/new\/","name":"","description":"","publisher":{"@id":"http:\/\/www.studiopenalistiassociati.net\/new\/#organization"},"potentialAction":[{"@type":"SearchAction","target":{"@type":"EntryPoint","urlTemplate":"http:\/\/www.studiopenalistiassociati.net\/new\/?s={search_term_string}"},"query-input":{"@type":"PropertyValueSpecification","valueRequired":true,"valueName":"search_term_string"}}],"inLanguage":"it-IT"},{"@type":"Organization","@id":"http:\/\/www.studiopenalistiassociati.net\/new\/#organization","name":"Studio Penalisti Associati","url":"http:\/\/www.studiopenalistiassociati.net\/new\/","logo":{"@type":"ImageObject","inLanguage":"it-IT","@id":"http:\/\/www.studiopenalistiassociati.net\/new\/#\/schema\/logo\/image\/","url":"http:\/\/studiopenalistiassociati.net\/new\/wp-content\/uploads\/2018\/03\/SPAlogo-favicom.jpg","contentUrl":"http:\/\/studiopenalistiassociati.net\/new\/wp-content\/uploads\/2018\/03\/SPAlogo-favicom.jpg","width":150,"height":213,"caption":"Studio Penalisti Associati"},"image":{"@id":"http:\/\/www.studiopenalistiassociati.net\/new\/#\/schema\/logo\/image\/"},"sameAs":["https:\/\/it.linkedin.com\/company\/studio-penalisti-associati"]}]}},"_links":{"self":[{"href":"http:\/\/www.studiopenalistiassociati.net\/new\/wp-json\/wp\/v2\/pages\/1212","targetHints":{"allow":["GET"]}}],"collection":[{"href":"http:\/\/www.studiopenalistiassociati.net\/new\/wp-json\/wp\/v2\/pages"}],"about":[{"href":"http:\/\/www.studiopenalistiassociati.net\/new\/wp-json\/wp\/v2\/types\/page"}],"author":[{"embeddable":true,"href":"http:\/\/www.studiopenalistiassociati.net\/new\/wp-json\/wp\/v2\/users\/1"}],"replies":[{"embeddable":true,"href":"http:\/\/www.studiopenalistiassociati.net\/new\/wp-json\/wp\/v2\/comments?post=1212"}],"version-history":[{"count":1,"href":"http:\/\/www.studiopenalistiassociati.net\/new\/wp-json\/wp\/v2\/pages\/1212\/revisions"}],"predecessor-version":[{"id":1554,"href":"http:\/\/www.studiopenalistiassociati.net\/new\/wp-json\/wp\/v2\/pages\/1212\/revisions\/1554"}],"wp:attachment":[{"href":"http:\/\/www.studiopenalistiassociati.net\/new\/wp-json\/wp\/v2\/media?parent=1212"}],"curies":[{"name":"wp","href":"https:\/\/api.w.org\/{rel}","templated":true}]}}